+ 68. Let k(d) = -16*d. Calculate the remainder when b is divided by k(-2).
31
Suppose 2*h + 3*p - 4 = h, 3*p + 8 = 2*h. Suppose -h*l + 116 = 2*s, 2*l + 290 = 4*s + s. Suppose 5*v - 30 = 3*v. What is the remainder when s is divided by v?
13
Calculate the remainder when ((-38)/8)/(10/(-160)) is divided by 7.
6
Suppose h + 16 = -4*x - 34, 0 = 3*h + x + 95. Let s = h - -52. Let p = -13 + 21. What is the remainder when s is divided by p?
6
Let c = -129 - -147. What is the remainder when 465 is divided by c?
15
Let y = -16 - -30. Let x = 112 - 57. Calculate the remainder when x is divided by y.
13
Let l = 371 + -299. What is the remainder when l is divided by 25?
22
What is the remainder when 237 is divided by (-2)/(-4)*3/6*28?
6
Calculate the remainder when (45 - 46)*(1 - 75) is divided by 14.
4
Let k(n) = -n**3 - 35*n**2 - 63*n + 114. What is the remainder when k(-33) is divided by 6?
3
Let o be 4/((-5)/(60/8))*-6. Suppose 0 = 2*a - o - 24. What is the remainder when a is divided by 8?
6
Suppose -37*u + 32 = -338. Let h(a) = -a + 7. Let i be h(5). Calculate the remainder when (2/4)/(i/112) is divided by u.
8
Suppose 0 = -3*i - 7 + 70. Calculate the remainder when 12 is divided by (-12)/(-28) + (117/i - -1).
5
Let o = -151 - -239. Suppose 87*s - 1707 + 402 = 0. Calculate the remainder when o is divided by s.
13
Let f be 1 + 4/(16/204). Suppose 3*v = 2*z - 17, -5*z - v + f = v. Calculate the remainder when 21 is divided by z.
1
Let w = 43 - 24. What is the remainder when (5 - 3) + 113 - 4 is divided by w?
16
Let y = 17 + -11. Suppose -2*r + r + y = 0. Suppose 1 = 4*z - 11. Calculate the remainder when r is divided by z.
0
Let a(m) = -m**2 + 7*m + 11. Let j be a(8). Let o = j - 1. Suppose 2*r + x = 13, 3*r + 12*x - 11*x - 19 = 0. What is the remainder when r is divided by o?
0
Suppose 3*x - 114 - 126 = 0. What is the remainder when 398 is divided by x?
78
Let k = -171 + 185. What is the remainder when 35 is divided by k?
7
Let p(b) = b**2 - 4*b - 3. Calculate the remainder when p(-6) is divided by 22.
13
Let r be (-572)/(-3)*(-3)/(-2). Let d = r + -145. What is the remainder when d is divided by 18?
15
Suppose 4*i = -4*h + 24, -3*h = -2*i + 15 - 8. What is the remainder when 16 is divided by i?
1
Suppose -4*b + 8 = -0*b. Suppose 0 = -o - b, 6*o - 2*o = -2*h + 58. What is the remainder when 98 is divided by h?
32
Suppose 1235 - 14087 = -42*r. Calculate the remainder when r is divided by 14.
12
Suppose 3*o - 450 = -o + 3*a, -a - 226 = -2*o. Suppose -o = -3*k - 2*v, -2*k = -v + 18 - 94. What is the remainder when 113 is divided by k?
37
Calculate the remainder when 1 - (34632/(-143) - (-4)/22) is divided by 7.
5
Suppose 2 = -3*y + 3*h + 5, -3*h - 1 = -4*y. Let w(z) = z**3 + 3*z**2 + z - 1. Calculate the remainder when 2 is divided by w(y).
0
Let c = -4 - -2. Let o(q) = q**2 + 6*q - 3. Let n(l) = -2*l**2 - 11*l + 5. Let g(b) = 3*n(b) + 5*o(b). Calculate the remainder when 4 is divided by g(c).
0
Let i(h) = 102*h + 293. What is the remainder when i(0) is divided by 37?
34
Let m(v) = v**2 - 8*v + 15. What is the remainder when 65 is divided by m(8)?
5
Let h = 17 + -14. Let a be h - (4 + -3 + -3). Suppose 0 = 5*x - a*t - 55, 4*x + 6*t - t = 62. What is the remainder when 49 is divided by x?
10
Let g = 7470 + -7460. Let a(v) = -87*v**2 - 4*v + 7. Let j(b) = 29*b**2 + b - 2. Let q(y) = 2*a(y) + 7*j(y). What is the remainder when q(1) is divided by g?
8
Suppose -20 - 71 = -7*h. Calculate the remainder when 49 is divided by h.
10
Let u(t) = -2*t - 10. Let d = 105 + -152. Let j = d - -70. What is the remainder when j is divided by u(-11)?
11
Suppose 3*o - x - x = 215, -2*o + 125 = -5*x. What is the remainder when 97 is divided by o?
22
What is the remainder when 220/8*(-4)/(-5) is divided by 72/20*(-10)/(-6)?
4
Let l be (-3)/(1 + 0/(-2)). Suppose -4*u = -20, -2*w + 0*w + 4*u = 12. What is the remainder when (l/4)/(5/(-40)) is divided by w?
2
Let s(x) = -x**2 - 8*x + 4. Suppose i + 28 = -3*i. Suppose -30 = -z - 5*v, 0*z = -3*z + 2*v + 56. What is the remainder when z is divided by s(i)?
9
Let x be 1701/(-18) + (-2*1)/(-4). Let k = 109 + x. What is the remainder when k is divided by 6?
3
Suppose -84*w - 142 = -86*w. What is the remainder when w is divided by 24?
23
Suppose -5*y - 2*n + 1392 = 0, 4*n - 1394 = -0*y - 5*y. What is the remainder when y is divided by 28?
26
Let l = 987 + -950. What is the remainder when 591 is divided by l?
36
Suppose 19 + 506 = 21*h - 189. Suppose k - 2 = 3, -w = 5*k - 34. Calculate the remainder when h is divided by w.
7
Let d = 275 + -266. What is the remainder when 10 is divided by d?
1
Suppose -74 = -3*j + 268. Suppose -5*n - 17 = 3, i = 3*n + 51. What is the remainder when j is divided by i?
36
Let w = 93 - 47. Calculate the remainder when w is divided by 19.
8
Let q = -39 + 67. Calculate the remainder when 191 is divided by q.
23
Let z = -224 - -240. Calculate the remainder when 142 is divided by z.
14
Suppose -4*y + 13 = -11. Let b(k) = 2*k - 7. What is the remainder when 21 is divided by b(y)?
1
What is the remainder when 490 is divided by (-5)/(-10)*4 + 80?
80
Let p(f) = -2*f**3 + 98*f**2 + 7*f + 31. Calculate the remainder when p(49) is divided by 125.
124
Suppose -4*w + 4*h + 124 = 0, -w = -3*w + 5*h + 53. Calculate the remainder when 196 is divided by w.
26
Suppose 267 = 5*g - 43. Suppose -3*d - 5*q = -80, -5*d + q + 90 = -g. Suppose -6*z + 2*z = -44. What is the remainder when d is divided by z?
8
Suppose 5*i - 387 = 453. What is the remainder when i is divided by 13?
12
Let n(z) = -4*z + 44. Calculate the remainder when 116 is divided by n(0).
28
Calculate the remainder when 4 - ((-2)/10 + (-11180)/100) is divided by 24.
20
Suppose -57*f + 17432 = 5006. What is the remainder when f is divided by 56?
50
Let h be 11 + 0 + 8/2. Suppose l = -3*w + 7, 3*w = 8*w - 5*l + h. What is the remainder when 6 is divided by w?
0
Let v be ((-2 - -2) + 12)*1/2. Calculate the remainder when 41 is divided by -2*(0 - (57/v - 4)).
8
Calculate the remainder when -6*((-1048)/16 - -4) is divided by 31.
28
Let k = 102 - 72. Suppose -4*y + 22 = -k. What is the remainder when y is divided by 8?
5
Suppose -3*f = -4*k + 33, -3*f - 4*k - 57 = -0*f. Suppose 5*n - 32 = 23. Calculate the remainder when f/20 - (-175)/4 is divided by n.
10
Let p(y) = y - 1. Let x(s) = 5*s + 20. Let g(r) = -6*p(r) + x(r). What is the remainder when g(11) is divided by 4?
3
Let b(y) = 14*y - 1. Suppose p + 16 = 4*z, -9 = 4*z - 25. Suppose p = -2*g + 22 + 6. What is the remainder when b(4) is divided by g?
13
Calculate the remainder when 6*(103/2 + -2) is divided by 61.
53
Let z(p) be the first derivative of -p**4/4 + 8*p**3/3 + p**2/2 - 4*p - 6. Calculate the remainder when 8 is divided by z(8).
0
Suppose 3*h + 2*r + 0*r = 287, -105 = -h + 4*r. Let j = -917 + 931. What is the remainder when h is divided by j?
13
Calculate the remainder when 182 is divided by (-6 - (-1 - 6)) + 60.
60
Let z(c) = -c**3 - 11*c**2 - c + 13. Let j(a) = 3*a**2 + 2*a - 19 + 46 - 14. Calculate the remainder when j(4) is divided by z(-11).
21
Let n(b) = b**2 + 4*b. What is the remainder when (-3)/9*(80 + 3)*-3 is divided by n(3)?
20
Let l(a) = -3*a**3 - 7*a**2 + 12*a + 9. What is the remainder when l(-4) is divided by 32?
9
Suppose 0 = -3*m - j + 25, -2*j - 1 = 4*m - 33. Suppose 7*u - 3*i - 26 = 6*u, -5*i = 4*u - 53. What is the remainder when u is divided by m?
8
What is the remainder when ((-23)/(-115) + (-6322)/10)/(-2) is divided by 11?
8
Let f(v) = v - 23. Calculate the remainder when 152 is divided by f(36).
9
Let d = 4 - -73. What is the remainder when 384 is divided by d?
76
Suppose 3*l - 7*l = -48. Calculate the remainder when (14/3 - -1)*6 is divided by l.
10
Suppose 22*n - 296 - 122 = 0. What is the remainder when ((-240)/(-28))/(-2)*-7 is divided by n?
11
Let n = 85 + -28. Let d(t) = -t**3 - t**2 - 3*t + 2. Let o be d(0). Suppose 30 = o*y + 2*s, -y - 3*s + 13 = -2. What is the remainder when n is divided by y?
12
Suppose 5*s - 40 = 5*u, -3*s - 4*u = -8 - 9. Let w(o) = -o + 26. What is the remainder when ((-6)/(-15))/((-2)/(-370)) is divided by w(s)?
17
Suppose -x = 3*j - 5*x - 208, 2*j - 135 = -x. Let d = j - 52. Calculate the remainder when 45 is divided by d.
13
Let s(x) = 14*x - 